. Is y(g) a prime number?
False
Suppose -2 = 4*i + 10, 5*w + i = 397. Suppose 5*f = -0*b - 4*b + 77, 0 = 4*b + 4*f - w. Is b prime?
True
Suppose -6*u = -9*u + 633. Is u composite?
False
Let t = 1704 - 1025. Is t a prime number?
False
Suppose 1979 = 5*p + 3*a, 5*p - 4*a + 1183 = 3176. Is p composite?
False
Suppose 750 = 4*h - 3574. Is h composite?
True
Let j be 1/(-2)*-8 - 1. Suppose j*f - 3*s + 20 = 53, 4*f - 30 = -3*s. Let v = 5 + f. Is v prime?
False
Suppose 3*b = -5*h + h - 494, -337 = 2*b - 5*h. Let p be 4*(3/3 - 3). Is b/(-4)*(-6 - p) a composite number?
False
Let t(w) = 3*w + 57. Let p(j) = 4*j + 58. Let v(r) = -4*p(r) + 5*t(r). Is v(0) a composite number?
False
Let p(f) = -f**3 + 15*f**2 - 7*f + 15. Is p(14) composite?
False
Let q(h) = h**2 - 5*h + 4. Let t = -7 - -11. Let d be q(t). Suppose d = -f + 2*a + 21, -5*f + 98 = -6*a + 3*a. Is f prime?
True
Suppose x = 4*x - 12. Suppose -135 = -j - 2*k - 0*k, -x*j = -k - 504. Is j a prime number?
True
Suppose 2*o - 2288 + 126 = 0. Is o composite?
True
Let l(g) = -60*g - 11. Is l(-8) composite?
True
Let l be 18/(-12)*8/(-6). Suppose -6*s + l*s = -356. Is s composite?
False
Suppose 2*q = -3*q - 30. Is q/(-9) - 19/(-3) a composite number?
False
Let y(m) = 5*m**2 + 3*m + 3. Is y(7) composite?
False
Let o(a) = 0*a + 0 + a - 2. Let h be o(5). Suppose 2*d = -h*d + 155. Is d composite?
False
Let o be (-44)/(-16) + (-1)/(-4). Let f(g) = o*g**2 + 5*g - 2*g - 5 + 2 - 2*g. Is f(5) a prime number?
False
Let k(c) = -c**3 + 6*c**2 + 5*c + 3. Let i be k(7). Let t(h) = h**2 - 9*h + 3. Is t(i) prime?
True
Let i be (-9)/(-6)*8/6. Suppose 4*p - 154 = i*p. Is p prime?
False
Let b(u) be the first derivative of 1 - 4*u + 10/3*u**3 - 3/2*u**2. Is b(3) a prime number?
False
Let b(x) = -x + 77. Let c(w) = w + 8. Let i be c(-8). Is b(i) composite?
True
Suppose 5*g + m = 9*g - 31, -4*g + 2*m + 30 = 0. Suppose -g = -2*i - 0*i. Suppose 0 = i*t + t - 155. Is t a composite number?
False
Suppose -m = -5*p + 195, -3*m + 13 = p + 2*m. Let v = -2 - -66. Let o = v - p. Is o prime?
False
Let h(c) = 2*c**3 - 7*c**2 + 10*c - 1. Let m(k) = -5*k**3 + 13*k**2 - 21*k + 3. Let g(b) = -7*h(b) - 3*m(b). Is g(-9) a prime number?
False
Let o(v) = 4*v**2 + 9*v + 2. Let k(y) = -y**3 - y - 1. Let i be k(-2). Is o(i) a composite number?
True
Suppose -20*x - 14995 = -25*x. Is x prime?
True
Suppose -7*r = -r - 4578. Is r a composite number?
True
Let q = -8 - -10. Suppose 0*x - q*x - y + 137 = 0, x = 5*y + 52. Is x prime?
True
Suppose -2*i - 385 = -7*i. Is i prime?
False
Suppose -5*q + 180 = -3*h - 2*h, 173 = 5*q + 2*h. Let k = -13 + q. Is k composite?
True
Let v(h) be the second derivative of h**4/3 + h**3/2 + 5*h**2/2 + 3*h. Is v(-6) composite?
False
Let k(t) = 0*t + t**2 + 3*t - 12*t. Let r be k(4). Let c = 51 + r. Is c prime?
True
Let v be (-2)/(-6) + (-51)/(-9). Let n(s) = 8*s - 3*s - 6 + 1. Is n(v) prime?
False
Let s(c) be the second derivative of 5/2*c**2 + 3/2*c**3 + 2*c + 0. Is s(6) composite?
False
Let g(q) = -q**3 - 3*q**2 + 2*q + 3. Let b be g(-3). Let t = b - -5. Suppose t*k + 59 = 151. Is k prime?
False
Suppose 3*s = -v - 4, v = s + 2 - 10. Let k be (-3 + 2)/(2/(-4)). Is (-1074)/(-14) - k/v a prime number?
False
Let q = 1974 - 403. Is q composite?
False
Suppose -5*y + 23 - 3 = 0. Suppose r - 63 - 18 = -4*o, 5*r - 101 = -y*o. Is o a composite number?
False
Let u be (-2)/1 + 2 + 152. Let x = -10 + u. Is x prime?
False
Let p(x) = 2*x**2 - 2*x + x - x**2 + 11*x. Is p(-17) a composite number?
True
Is -4 + (5115 - 2) + -2 a prime number?
True
Let q(h) = h**3 + 8*h**2 + 7*h + 5. Let i be 2/8 - (-3)/(-12). Let u(j) = -j - 6. Let r be u(i). Is q(r) prime?
False
Let r = 297 - 158. Is r prime?
True
Let v(a) = 3*a + 1. Let i be v(-1). Let m be -1*(i + (-2)/(-1)). Suppose t + 3*j = 31, 3*t + m*t - 4*j = 106. Is t a prime number?
False
Let v = 842 + -21. Is v a composite number?
False
Let t(f) = f**2 + 8*f + 7. Let i be t(-10). Let j = 58 - i. Is j a composite number?
False
Let k = -2 - 0. Is -674*((-1)/k - 1) composite?
False
Suppose 0 = 5*d + 143 - 18. Let t = d - -74. Is t a composite number?
True
Suppose 7*b - 8*b = 26. Suppose -d - 3*d + 204 = 0. Let y = d + b. Is y a composite number?
True
Let s(q) = -q**3 + 8*q**2 - 6*q - 5. Let n be s(7). Suppose 47 = 3*d + 4*a, -d = 4*d - n*a - 61. Is d a prime number?
True
Suppose -5*f - 36 + 11 = 0. Is -2 - (-475 - (1 + f)) composite?
True
Let t = 38 - 7. Let u = t - 21. Is u/15 + (-175)/(-3) prime?
True
Let s(l) = 4*l. Let v be s(1). Is (-1029)/(-9) + v/6 composite?
True
Suppose -3*y = 5*j - 0*y - 741, -3*y = -4*j + 582. Suppose i = -3*i + x + j, -i + 41 = 4*x. Is i prime?
True
Suppose -5*x - 286 = 4*n - 2063, -4*x = 5*n - 2219. Is n composite?
False
Let q(c) = -3*c**3 + 2*c + 4*c**2 + 4*c**2 - 2*c**2 + 2*c**3 - 6. Is q(6) composite?
True
Let h(w) = w. Let z be (3/(-5))/((-1)/5). Is h(z) prime?
True
Let u(c) = 9*c + 1. Let f be u(-6). Let j be (-3 - -5)/(1/(-8)). Let t = j - f. Is t composite?
False
Suppose 3745 = 6*i - i. Is i prime?
False
Suppose -55 = -x - s, -5*s = -5*x - 0*x + 275. Is x composite?
True
Suppose 3*t - 10866 = 3483. Is t prime?
True
Let m = 23 - 19. Is m a prime number?
False
Let x be (1/(-2))/(1/(-516)). Suppose 4*j - 2*n = -5*n + 488, 2*j - x = -5*n. Is j a composite number?
True
Is (-6 + 5)/(2/(-244)) a composite number?
True
Let o(z) = -z**2 + 5*z + 5. Let q be o(6). Is ((-1)/(-2))/(q/(-434)) a composite number?
True
Let d(a) = 70*a - 13. Is d(2) composite?
False
Let b(s) = -s**3 + 10*s**2 + 12*s - 8. Let x be b(9). Suppose -l + 49 = -6*d + d, 2*d - x = -3*l. Is l composite?
False
Let s(n) = n**2 - n - 2. Suppose 3*l - 114 = -3*p, -2*l - 4*p + 53 = -l. Suppose 3*y + 4*f + l = 8, f + 10 = -2*y. Is s(y) prime?
False
Let x = -1427 - -2905. Is x a prime number?
False
Let b(x) = 444*x + 1. Is b(2) a composite number?
True
Let n(h) = -h**2 - 9*h + 1. Is n(-6) a prime number?
True
Suppose -i - 3*g = -2*g - 31, -3*i + 113 = -2*g. Is i composite?
True
Suppose f = 4*n + 681, 3*n - 706 = -f + 2*n. Is f a prime number?
True
Let w = 61 + -35. Let x = w - 16. Is x a prime number?
False
Suppose 4 = -s - 0. Is (-106)/(-2)*(5 + s) a composite number?
False
Let h(p) = 9*p**2 + 19*p - 2. Let n(w) = -5*w**2 - 10*w + 1. Let a(y) = -4*h(y) - 7*n(y). Is a(-5) a prime number?
False
Let g(f) = 2*f**2 + 11*f + 2. Suppose 0 = 2*l - 6*t + 3*t + 31, 38 = -4*l - 2*t. Is g(l) composite?
True
Suppose 0*a + 1859 = 3*a + 2*k, 0 = -2*a + 5*k + 1271. Is a prime?
False
Let z be 7/7 + 3*39. Let q be -3*(z/(-6) - -3). Suppose 5*j - 181 = 4*f, -3*j + q = f - 62. Is j prime?
True
Let h(i) = -i + 7. Let f(g) = 2*g - 1. Let x be f(3). Let u be h(x). Suppose 3 = -u*a + 15. Is a prime?
False
Let j(v) = v**3 + v - 4. Let h be j(0). Is (-2)/(4/3)*h a prime number?
False
Let b be 0*3/(-9) + 1. Let g be b + (-16 - (-2)/2). Let n = g - -29. Is n composite?
True
Is 113/(((-24)/(-52))/6) prime?
False
Is (-4)/(-22) + 241245/99 composite?
False
Suppose -7 = -l + 26. Is l composite?
True
Let g(a) = 11*a**2 - 4*a - 2. Is g(-3) composite?
False
Suppose 0 = -2*f - 8, -1025 = -3*n + 2*f - 6*f. Is n composite?
False
Let m be 4/10 - 2/5. Let s(v) = 18*v - 5 + m + 3. Is s(2) composite?
True
Suppose 2*k = -5*k + 20965. Is k composite?
True
Let y = 14 - 24. Let s = -6 - y. Suppose 83 + 233 = s*z. Is z a prime number?
True
Is (3/(-6))/((-3)/2274) a prime number?
True
Suppose a - 10 = -a. Suppose -a*m + 198 = -157. Let d = 42 + m. Is d a composite number?
False
Suppose -8 = 5*m + 7, 0 = 5*u - 5*m + 365. Let a = -37 - u. Is a composite?
True
Let x(f) = -2*f**3 - 8*f**2 + 4*f - 7. Let i be ((-1)/2)/(8/96). Is x(i) prime?
True
Let l(w) = 2*w + 12. Let s be l(6). Suppose -m + s = -10. Is m a prime number?
False
Suppose 5*g = -3*o - 12, 2*g - 4*o + 8 = -2. Is (3 + -5 - -9) + g prime?
False
Let d be 102/4*16/12. Let l = d + -19. Is l a composite number?
True
Let h(k) = 4*k**2 - 16*k + 7. Is h(6) prime?
False
Suppose 3*q - 161 = -2*f - 3, q + 5*f - 70 = 0. Let u = 75 - q. Let d = u - 15. Is d composite?
True
Suppose 0*c + 4*c = -8. Let u = 99 + 36. Let a = c + u. Is a a composite number?
True
Is (-2)/(-5) - 1486/(-10) a composite number?
False
Suppose 0 = 2*q + q - 5*v - 303, -3*v - 521 = -5*q. Is q a composite number?
True
Suppose 0 = -4*f - 1 + 